{"id":56,"date":"2013-06-06T19:17:12","date_gmt":"2013-06-06T19:17:12","guid":{"rendered":"http:\/\/www.teodosiocayo.cl\/web\/?page_id=56"},"modified":"2025-03-11T18:24:36","modified_gmt":"2025-03-11T22:24:36","slug":"publicaciones","status":"publish","type":"page","link":"https:\/\/www.teodosiocayo.cl\/web\/teodosio-cayo-a\/publicaciones\/","title":{"rendered":"Publicaciones"},"content":{"rendered":"<div class=\"wpb-content-wrapper\"><p>[vc_row css=\u00bb.vc_custom_1436130947686{margin-bottom: 10px !important;}\u00bb][vc_column][vc_empty_space height=\u00bb20px\u00bb][vc_custom_heading text=\u00bbTeodosio Cayo Araya | Publicaciones\u00bb font_container=\u00bbtag:h2|text_align:left|color:%2370b509&#8243; google_fonts=\u00bbfont_family:Dosis%3A200%2C300%2Cregular%2C500%2C600%2C700%2C800|font_style:500%20bold%20regular%3A500%3Anormal\u00bb css=\u00bb.vc_custom_1662054032140{margin-bottom: 10px !important;}\u00bb][\/vc_column][\/vc_row][vc_row][vc_column width=\u00bb1\/4&#8243;][vc_single_image image=\u00bb1503&#8243; img_size=\u00bbfull\u00bb onclick=\u00bbimg_link_large\u00bb css_animation=\u00bbleft-to-right\u00bb][\/vc_column][vc_column width=\u00bb1\/4&#8243;][vc_column_text]<strong><strong>2018<\/strong><br \/>\n<\/strong>Co-autor del libro:<br \/>\n<strong>\u201cValoraci\u00f3n por opciones reales. Teor\u00eda y casos\u201d<\/strong><br \/>\n1era edici\u00f3n<\/p>\n<p>Editorial Universitat Polit\u00e8cnica de Val\u00e8ncia[\/vc_column_text][vc_btn title=\u00bbDescarga el libro\u00bb shape=\u00bbsquare\u00bb color=\u00bbgreen\u00bb size=\u00bbsm\u00bb link=\u00bburl:https%3A%2F%2Friunet.upv.es%2Fhandle%2F10251%2F113759||target:%20_blank|\u00bb][\/vc_column][vc_column width=\u00bb1\/4&#8243;][vc_single_image image=\u00bb1361&#8243; img_size=\u00bbfull\u00bb onclick=\u00bbimg_link_large\u00bb css_animation=\u00bbleft-to-right\u00bb][\/vc_column][vc_column width=\u00bb1\/4&#8243;][vc_column_text]<strong><strong>2017<\/strong><br \/>\n<\/strong>Co-autor del libro:<br \/>\n<strong>\u201cValoraci\u00f3n de intangibles, marcas y patentes. Casos pr\u00e1cticos\u201d<\/strong><br \/>\n1era edici\u00f3n<\/p>\n<p>Ardiles Editorial<br \/>\nEditorial Universitat Polit\u00e8cnica de Val\u00e8ncia[\/vc_column_text][vc_btn title=\u00bbDescarga el libro\u00bb shape=\u00bbsquare\u00bb color=\u00bbgreen\u00bb size=\u00bbsm\u00bb link=\u00bburl:%20http%3A%2F%2Finicio.arenasycayo.cl%2FVALORACION_INTANGIBLES_MARCASYPATENTES.pdf||target:%20_blank|\u00bb][\/vc_column][\/vc_row][vc_row][vc_column width=\u00bb1\/4&#8243;][vc_single_image image=\u00bb1354&#8243; img_size=\u00bbfull\u00bb onclick=\u00bbimg_link_large\u00bb css_animation=\u00bbleft-to-right\u00bb][\/vc_column][vc_column width=\u00bb1\/4&#8243;][vc_column_text]<strong><strong>2016<\/strong><br \/>\n<\/strong>Co-autor del libro:<br \/>\n<strong>\u201cValoraci\u00f3n de empresas, m\u00e9todos y casos pr\u00e1cticos para peque\u00f1as y medianas empresas\u201d<\/strong><br \/>\n2da edici\u00f3n mejorada<\/p>\n<p>Ardiles Editorial<br \/>\nEditorial Universitat Polit\u00e8cnica de Val\u00e8ncia[\/vc_column_text][vc_btn title=\u00bbComprar Online\u00bb shape=\u00bbsquare\u00bb color=\u00bbgreen\u00bb size=\u00bbsm\u00bb link=\u00bburl:https%3A%2F%2Finicio.arenasycayo.cl%2Fproducto%2Fvaloracion-de-empresas-metodos-y-casos-practicos-para-pequenas-y-medianas-empresas-2%2F||target:%20_blank|\u00bb][\/vc_column][vc_column width=\u00bb1\/4&#8243;][vc_single_image image=\u00bb876&#8243; img_size=\u00bbfull\u00bb css_animation=\u00bbleft-to-right\u00bb img_link_large=\u00bbyes\u00bb][\/vc_column][vc_column width=\u00bb1\/4&#8243;][vc_column_text]<strong><strong>2015<\/strong><br \/>\n<\/strong>Co-autor del libro:<br \/>\n<strong>\u201cValoraci\u00f3n de empresas, m\u00e9todos y casos pr\u00e1cticos para peque\u00f1as y medianas empresas\u201d<\/strong><br \/>\nArdiles Editorial[\/vc_column_text][vc_btn title=\u00bbComprar Online\u00bb shape=\u00bbsquare\u00bb color=\u00bbgreen\u00bb size=\u00bbsm\u00bb link=\u00bburl:https%3A%2F%2Finicio.arenasycayo.cl%2Fproducto%2Fvaloracion-de-empresas-metodos-y-casos-practicos-para-pequenas-y-medianas-empresas%2F||target:%20_blank|\u00bb][\/vc_column][\/vc_row][vc_row][vc_column width=\u00bb1\/4&#8243;][vc_single_image image=\u00bb276&#8243; img_size=\u00bbfull\u00bb css_animation=\u00bbleft-to-right\u00bb img_link_large=\u00bbyes\u00bb][\/vc_column][vc_column width=\u00bb1\/4&#8243;][vc_column_text]<strong><strong>2013<\/strong><br \/>\n<\/strong>Co-autor del libro:<br \/>\n<strong>\u201cGrandes Temas: IFRS para la Empresa\u201d<\/strong><br \/>\nThomson Reuters[\/vc_column_text][vc_btn title=\u00bbComprar Online\u00bb shape=\u00bbsquare\u00bb color=\u00bbgreen\u00bb size=\u00bbsm\u00bb link=\u00bburl:http%3A%2F%2Fwww.legalpublishing.cl%2FPortalLN%2Fcarro_new%2Fnw_Ficha_Producto.asp%3Fid_producto%3D3248||target:%20_blank\u00bb][\/vc_column][vc_column width=\u00bb1\/4&#8243;][vc_single_image image=\u00bb277&#8243; img_size=\u00bbfull\u00bb css_animation=\u00bbleft-to-right\u00bb img_link_large=\u00bbyes\u00bb][\/vc_column][vc_column width=\u00bb1\/4&#8243;][vc_column_text]<strong>2011<\/strong><\/p>\n<p>Autor del libro:<br \/>\n<strong>\u201cTasaci\u00f3n de Bienes Ra\u00edces Urbanos, criterios y procedimientos pr\u00e1cticos\u201d<\/strong><br \/>\n<span style=\"text-decoration: underline; color: #008000;\"><a href=\"http:\/\/www.fau.uchile.cl\/noticias\/72406\/lanzamiento-del-libro-tasaciones-de-bienes-raices-urbanos\" target=\"_blank\" rel=\"noopener noreferrer\"><span style=\"text-decoration: underline; color: #008000;\">Ver lanzamiento del libro en la FAU<\/span><\/a> <\/span>(Facultad de Arquitectura y Urbanismo de la Universidad de Chile)[\/vc_column_text][vc_btn title=\u00bbComprar Online\u00bb shape=\u00bbsquare\u00bb color=\u00bbgreen\u00bb size=\u00bbsm\u00bb link=\u00bburl:https%3A%2F%2Finicio.arenasycayo.cl%2Fproducto%2Ftasacion-de-bienes-raices-urbanos-criterios-y-procedimientos-practicos%2F||target:%20_blank|\u00bb][\/vc_column][\/vc_row][vc_row][vc_column][vc_column_text css=\u00bb\u00bb]<strong>2006<\/strong><br \/>\nAutor de<strong> \u201cEstrategia de Cobranza Judicial. Productos Masivos e Hipotecarios\u201d.<\/strong><br \/>\nForeclosure &amp; Recovery Judicial Process. Global Consumer Citibank N.A. (Distribuci\u00f3n interna)<\/p>\n<hr \/>\n<p><strong>2000<\/strong><br \/>\nAutor de<strong> \u201cProcedimiento para Bienes Adjudicados en Remate o Daci\u00f3n en Pago\u201d.<\/strong><br \/>\nCitibank N.A. (Distribuci\u00f3n interna)<\/p>\n<hr \/>\n<p><strong>1999<\/strong><br \/>\nAutor de <strong>\u201cManual de Tasaci\u00f3n\u201d.<\/strong><br \/>\nCitibank N.A. (Distribuci\u00f3n interna)<\/p>\n<hr \/>\n<p><strong>1997<\/strong><br \/>\nAutor de <strong>\u201cManual de Tasaci\u00f3n de Bienes Ra\u00edces\u201d<\/strong><br \/>\nBanco Sud Americano. (Distribuci\u00f3n interna)[\/vc_column_text][\/vc_column][\/vc_row]<\/p>\n<\/div>","protected":false},"excerpt":{"rendered":"<p> [&hellip;]<\/p>\n","protected":false},"author":3,"featured_media":0,"parent":5,"menu_order":0,"comment_status":"closed","ping_status":"closed","template":"","meta":{"footnotes":""},"class_list":["post-56","page","type-page","status-publish","hentry"],"_links":{"self":[{"href":"https:\/\/www.teodosiocayo.cl\/web\/wp-json\/wp\/v2\/pages\/56"}],"collection":[{"href":"https:\/\/www.teodosiocayo.cl\/web\/wp-json\/wp\/v2\/pages"}],"about":[{"href":"https:\/\/www.teodosiocayo.cl\/web\/wp-json\/wp\/v2\/types\/page"}],"author":[{"embeddable":true,"href":"https:\/\/www.teodosiocayo.cl\/web\/wp-json\/wp\/v2\/users\/3"}],"replies":[{"embeddable":true,"href":"https:\/\/www.teodosiocayo.cl\/web\/wp-json\/wp\/v2\/comments?post=56"}],"version-history":[{"count":40,"href":"https:\/\/www.teodosiocayo.cl\/web\/wp-json\/wp\/v2\/pages\/56\/revisions"}],"predecessor-version":[{"id":1652,"href":"https:\/\/www.teodosiocayo.cl\/web\/wp-json\/wp\/v2\/pages\/56\/revisions\/1652"}],"up":[{"embeddable":true,"href":"https:\/\/www.teodosiocayo.cl\/web\/wp-json\/wp\/v2\/pages\/5"}],"wp:attachment":[{"href":"https:\/\/www.teodosiocayo.cl\/web\/wp-json\/wp\/v2\/media?parent=56"}],"curies":[{"name":"wp","href":"https:\/\/api.w.org\/{rel}","templated":true}]}}