{"id":5,"date":"2013-06-03T02:08:18","date_gmt":"2013-06-03T06:08:18","guid":{"rendered":"http:\/\/www.teodosiocayo.cl\/web\/?page_id=5"},"modified":"2025-03-16T18:15:11","modified_gmt":"2025-03-16T22:15:11","slug":"teodosio-cayo-a","status":"publish","type":"page","link":"https:\/\/www.teodosiocayo.cl\/web\/teodosio-cayo-a\/","title":{"rendered":"Teodosio Cayo A. &#8211; Experiencia"},"content":{"rendered":"<div class=\"wpb-content-wrapper\"><p>[vc_row css=\u00bb.vc_custom_1436115744312{margin-bottom: -5px !important;}\u00bb][vc_column][vc_empty_space height=\u00bb20px\u00bb][vc_custom_heading text=\u00bbTeodosio Cayo Araya | Presentaci\u00f3n\u00bb font_container=\u00bbtag:h2|text_align:left|color:%2370b509&#8243; google_fonts=\u00bbfont_family:Dosis%3A200%2C300%2Cregular%2C500%2C600%2C700%2C800|font_style:500%20bold%20regular%3A500%3Anormal\u00bb css=\u00bb.vc_custom_1662053983309{margin-bottom: 10px !important;}\u00bb][\/vc_column][\/vc_row][vc_row css=\u00bb.vc_custom_1436582008146{padding-right: 5px !important;padding-bottom: 2px !important;padding-left: 5px !important;background-color: #ffffff !important;}\u00bb][vc_column width=\u00bb2\/3&#8243;][vc_row_inner][vc_column_inner width=\u00bb1\/4&#8243;][vc_single_image image=\u00bb1664&#8243; img_size=\u00bbfull\u00bb style=\u00bbvc_box_shadow_border\u00bb css_animation=\u00bbleft-to-right\u00bb css=\u00bb\u00bb][\/vc_column_inner][vc_column_inner width=\u00bb3\/4&#8243;][vc_empty_space height=\u00bb10px\u00bb][vc_column_text css=\u00bb\u00bb]<\/p>\n<p style=\"text-align: justify;\"><strong>Teodosio Cayo Araya<\/strong>, destaca como especialista en la gesti\u00f3n y administraci\u00f3n de activos; en el dise\u00f1o y puesta en marcha de sistemas de control de bienes ra\u00edces y otros, en el control y administraci\u00f3n de procesos prejudiciales y judiciales de cobranza; y en la administraci\u00f3n de garant\u00edas.<\/p>\n<p style=\"text-align: justify;\">Actualmente es el Presidente de la<a href=\"https:\/\/upav.net\/\" target=\"_blank\" rel=\"noopener\"> Uni\u00f3n Panamericana de Asociaci\u00f3n de Valuaci\u00f3n, UPAV<\/a> periodo 2025-2026.<\/p>\n<p>[\/vc_column_text][\/vc_column_inner][\/vc_row_inner][\/vc_column][vc_column width=\u00bb1\/3&#8243; css=\u00bb.vc_custom_1436581959244{background-color: #ffffff !important;}\u00bb][vc_wp_custommenu title=\u00bbEXPERIENCIA\u00bb el_class=\u00bbh2 { font-size: 22px; line-height: 22px; }\u00bb nav_menu=\u00bb14&#8243;][\/vc_column][\/vc_row][vc_row][vc_column css=\u00bb.vc_custom_1742163495931{background-color: #ffffff !important;}\u00bb][vc_column_text]<\/p>\n<p style=\"text-align: center;\">Destacar tambi\u00e9n su amplia experiencia y trayectoria en la Gerencia, Direcci\u00f3n y Asesor\u00eda a empresas, instituciones y corporaciones.<\/p>\n<p>[\/vc_column_text][vc_single_image image=\u00bb1666&#8243; img_size=\u00bbfull\u00bb alignment=\u00bbcenter\u00bb css_animation=\u00bbtop-to-bottom\u00bb css=\u00bb\u00bb][\/vc_column][\/vc_row]<\/p>\n<\/div>","protected":false},"excerpt":{"rendered":"<p> [&hellip;]<\/p>\n","protected":false},"author":3,"featured_media":0,"parent":0,"menu_order":0,"comment_status":"closed","ping_status":"closed","template":"","meta":{"footnotes":""},"class_list":["post-5","page","type-page","status-publish","hentry"],"_links":{"self":[{"href":"https:\/\/www.teodosiocayo.cl\/web\/wp-json\/wp\/v2\/pages\/5"}],"collection":[{"href":"https:\/\/www.teodosiocayo.cl\/web\/wp-json\/wp\/v2\/pages"}],"about":[{"href":"https:\/\/www.teodosiocayo.cl\/web\/wp-json\/wp\/v2\/types\/page"}],"author":[{"embeddable":true,"href":"https:\/\/www.teodosiocayo.cl\/web\/wp-json\/wp\/v2\/users\/3"}],"replies":[{"embeddable":true,"href":"https:\/\/www.teodosiocayo.cl\/web\/wp-json\/wp\/v2\/comments?post=5"}],"version-history":[{"count":54,"href":"https:\/\/www.teodosiocayo.cl\/web\/wp-json\/wp\/v2\/pages\/5\/revisions"}],"predecessor-version":[{"id":1668,"href":"https:\/\/www.teodosiocayo.cl\/web\/wp-json\/wp\/v2\/pages\/5\/revisions\/1668"}],"wp:attachment":[{"href":"https:\/\/www.teodosiocayo.cl\/web\/wp-json\/wp\/v2\/media?parent=5"}],"curies":[{"name":"wp","href":"https:\/\/api.w.org\/{rel}","templated":true}]}}